 2*x + 6 = 5*x. Suppose -x*y = 6, c + 392 = 2*c - 3*y. What are the prime factors of c?
383
Suppose 20*b - 60 = 5*b. Suppose r + 3046 = 3*v + 456, 2*v - 1740 = b*r. List the prime factors of v.
2, 431
Let i(t) = t**3 - 24 - 46*t + 7*t - 6*t**2 + 14*t + 13*t. List the prime factors of i(10).
2
Suppose 0 = -21*k + 24*k - 48. Suppose k*g - 3901 = 1635. What are the prime factors of g?
2, 173
Let t(i) = i**2 + 39*i + 55. Let a be t(0). Let n = 218 + -99. Let q = n - a. What are the prime factors of q?
2
Let j be (3 - (-3 - -1 - -6)) + 1. Suppose 14*h - 225 - 1077 = j. List the prime factors of h.
3, 31
Suppose 384 = 5*k + 114. Suppose -2*l = 6, -4*n - 2*l = -4*l - k. What are the prime factors of (543/n)/((-1)/(-4))?
181
Let p(u) = 65*u**2 - 34*u + 8. What are the prime factors of p(11)?
7499
List the prime factors of (-5 - 20022/24)/(0 - 2/48).
2, 3, 373
Suppose 30 = 5*x - 3*p, 4*x - 3*p = p + 32. Let r = -1 + x. Suppose -6*m + r*m + 112 = 0. List the prime factors of m.
2, 7
Let m(w) = -2 + 5*w + 26 + 0. Let n be m(8). Suppose -266 - n = -5*f. List the prime factors of f.
2, 3, 11
Suppose v - 1052 = 2*q, v + 616 = -5*q + 1696. Suppose -5*x + v = i, 2*i + x - 1040 = i. List the prime factors of i.
3, 5, 23
Let z = 349 - 343. List the prime factors of 58*(z/(-21) + (-88)/(-14)).
2, 3, 29
List the prime factors of (-650)/30*(-32382)/70.
3, 13, 257
Let r = 297 - 290. Suppose 0 = -r*b + 2556 + 902. List the prime factors of b.
2, 13, 19
Suppose 0*n = -2*n - 744. Let j be 1*398*(-28)/56. Let l = j - n. List the prime factors of l.
173
List the prime factors of (-9 + (-238)/(-28))/((-3)/110526).
13, 109
Suppose -39*x - 2*l + 15229 = -38*x, 3*x - 45660 = 3*l. List the prime factors of x.
13, 1171
Let c be 2 - -2 - (314 + 9). Let q = 709 + c. What are the prime factors of q?
2, 3, 5, 13
Suppose k + 7746 = 2*p - 1263, 2 = -2*k. What are the prime factors of p?
2, 563
List the prime factors of 2723622/275 + -6 + (-4)/50.
2, 7, 101
Let w(f) = 2*f**2 - 47*f + 5. Let a be w(24). Suppose -x - a = -2*t, 64 = 5*t + x - 12. List the prime factors of t.
3, 5
Let b = 2518 - -5521. What are the prime factors of b?
8039
What are the prime factors of (-4)/(-14) + 2/46 + (-76069638)/(-8694)?
2, 5, 7
Suppose 3*v = -3*p + 16479, -p + v - 1122 = -6615. What are the prime factors of p?
3, 1831
Suppose -14*p + 168590 + 19752 = 0. What are the prime factors of p?
11, 1223
Let a be ((-25)/2 - 4)/((-9)/12). List the prime factors of 19366/a + (-9)/33.
2, 5, 11
Let u(k) = -37*k + 43. Let q be u(-5). List the prime factors of (q/(-44) - -5) + 3456/11.
2, 157
Suppose -3*j = -9*j. Suppose l - 3*v - 8 = j, 5*l + 5*v = -0*l + 20. Suppose l*u = 595 + 5. List the prime factors of u.
2, 3, 5
Let x(m) = 39*m + 3100. What are the prime factors of x(11)?
3529
Suppose -11*t - 3*s = -594604, 7*t - 9*t - 3*s + 108100 = 0. What are the prime factors of t?
2, 29, 233
Suppose 4*c - 33 - 7 = 0. Suppose 0*r + 4*f = 4*r - 128, 5*f - c = 0. Suppose y - 21 = -v - 4, 0 = 2*v - 5*y - r. What are the prime factors of v?
17
Let v(y) = 2*y**2 + 5*y + 4. Let f(p) = -p**2 - 4*p + 3. Let m be f(1). Let u be v(m). Suppose 0 = -u*o + 137 + 55. What are the prime factors of o?
2, 3
Suppose 1655*l - 1658*l + 156 = 0. Suppose -2*b - 4*c = -92, 3*b - 2*c + 4 = 102. Let x = l + b. List the prime factors of x.
2, 11
Suppose 17215 = -25*f + 1690. Let n = -553 - f. What are the prime factors of n?
2, 17
Suppose 31*j + 24 = 27*j. Let w be 140/j*-3 - -3. Suppose -s = -3*a + 296, w = 2*a + s - 121. What are the prime factors of a?
2, 7
Suppose 0 = 146*m - 92*m + 116*m - 4414900. List the prime factors of m.
2, 5, 7, 53
Let j = 71 - -78. Let c = j - -39. List the prime factors of c.
2, 47
Suppose -18*l + 3632 = -30154. List the prime factors of l.
1877
Suppose 0 = -866*y + 874*y - 81600. What are the prime factors of y?
2, 3, 5, 17
Let o(u) = 19*u**2 - 33*u - 268. What are the prime factors of o(-12)?
2, 179
What are the prime factors of (-16)/(128/104) - -2969?
2, 739
Suppose 0 = 5*h + 5*v - 4650, -5*h - 4*v + 4756 - 109 = 0. Let g = 1644 - h. List the prime factors of g.
3, 239
Suppose 6*s + 8600 = 16*s. Suppose -2*j - s = -3*a, 5*a - 5*j = 1037 + 393. Suppose -5*o - 159 = -3*d + 92, 5*o = -4*d + a. What are the prime factors of d?
7, 11
List the prime factors of (-44)/(-3)*(-78)/416*-14632.
2, 11, 31, 59
Suppose 26*t = 15*t. Suppose 3*h + 0*h - 3*g - 1446 = t, 5*h - 4*g = 2415. What are the prime factors of h?
487
Let d = -1219 - -21243. List the prime factors of d.
2, 2503
Suppose -35 = 4*t + g, -3*t + 4*t + 14 = -2*g. What are the prime factors of -2 + 349 - (t + 2)?
353
Let w = -67 - -76. Let n(i) = -i**2 + 6*i + 31. Let f be n(w). Suppose f*y = 5*c + 97 + 150, 3*y - 171 = -c. List the prime factors of y.
2, 29
Let k(z) = -2*z**3 + 16*z**2 - 4*z + 28. Let g be k(8). List the prime factors of (g/(-2))/(1 - 1676/1684).
421
Let w = -4280 + 7398. What are the prime factors of w?
2, 1559
Let t be ((-2706)/9)/((-116)/36 + 3). What are the prime factors of 1/(6/t)*(18 - 16)?
11, 41
Let w be (-24)/2*(-17)/(-34). What are the prime factors of (12 + w - 4) + 132?
2, 67
Let i be ((-1)/2)/(2/(-4)) + 4. Suppose i*t - 869 - 821 = 0. Let c = -230 + t. List the prime factors of c.
2, 3
Suppose -141349 = -61*m - 205863 + 602473. What are the prime factors of m?
8819
Suppose 3*u = -65 + 95. Let j be 2888/6 - (-6)/(-18). Suppose -u*g = -269 - j. List the prime factors of g.
3, 5
Suppose 13*q = 6*q + 147. What are the prime factors of (25*11)/(-20 + q)?
5, 11
Suppose 34*n = -357859 + 1443003. List the prime factors of n.
2, 79, 101
Suppose 665029 + 1216211 = 120*c. What are the prime factors of c?
61, 257
Suppose -561 = 781*n - 780*n. List the prime factors of 17/34 + (n/(-2) - 1).
2, 5, 7
Suppose -24*s - 2*s - 18*s = -525404. What are the prime factors of s?
11941
Let d = -70 + 66. Let f be 2776/14 - d/(-14). Suppose -v + 4*r = v - f, 5*v = 4*r + 477. What are the prime factors of v?
3, 31
Let l(h) = h**3 - 17*h**2 + 16*h + 4. Let r be l(16). Let m be (r - 7)/(1/2). Let k(o) = 3*o**2 + 10*o + 23. List the prime factors of k(m).
71
Let k(h) = -276*h + 21. Let y be k(-10). Suppose 10*a - a = y. List the prime factors of a.
3, 103
Let n be -6 + (0 - 2*-9788). Suppose 28*d = -10*d + n. List the prime factors of d.
5, 103
Let u(t) = 1705*t**2 + 14*t + 28. List the prime factors of u(-2).
2, 5, 11, 31
Suppose 3*p - 5*l - 189627 = 0, 2*p - 3*l - 145450 = -19033. List the prime factors of p.
2, 3, 23, 229
Let s(w) = 886*w + 2526. What are the prime factors of s(16)?
2, 7, 1193
Let u(f) = 1133*f - 384. List the prime factors of u(8).
2, 5, 7, 31
Let l(j) = j**2 + 14*j - 43. Let k be -45*(119/(-35) - -3). List the prime factors of l(k).
13, 41
Suppose 5*l = l + 296. Suppose 2*w = -4*o - 142, 0 = 2*w - 3*w - o - l. Let s = w + 243. What are the prime factors of s?
2, 83
Let f be 7/((-7)/2) + 48. Let u = f - 43. Suppose 0*z = u*z - 147. What are the prime factors of z?
7
Suppose s + 5*r = 11, -4*r - 17 = 5*s - 3*r. Let q be ((-2)/(-4))/(s/48). What are the prime factors of 1/q*-58*3?
29
Suppose 6*h + 5*d = 5*h + 4206, -d = 2*h - 8358. List the prime factors of h.
2, 3, 29
Let i(s) be the second derivative of s**4/6 + s**3/3 + 103*s**2/2 - 38*s. What are the prime factors of i(0)?
103
Suppose 45 = 16*j - 3. Suppose 514 = w - 2*c, 0 = -w - j*w + 5*c + 2044. Suppose -2*y = -4*m - 7*y + 693, -3*m = y - w. What are the prime factors of m?
167
Let h = 18133 + -6515. List the prime factors of h.
2, 37, 157
List the prime factors of ((-231)/693)/((-2)/270012).
2, 22501
Suppose 19511*d = 19487*d + 323424. List the prime factors of d.
2, 3, 1123
Let m = 6901 + 5652. What are the prime factors of m?
12553
Suppose -5*g = -3*l - 3*g + 13, 2 = 2*g. Suppose 1237 = 13*x - 8*x + c, -l*x - 3*c + 1231 = 0. List the prime factors of x.
2, 31
Suppose 6*o - 1140 = 930. Suppose 0 = -0*y - 3*y - 9, 0 = -3*s + y + o. List the prime factors of s.
2, 3, 19
Let t be (-16035)/(-10)*(-4)/6. Let k = t - -1592. Let w = k + -359. List the prime factors of w.
2, 41
Suppose -3*d + 12 = 0, 2*d = 2*l + 7*d + 40. What are the prime factors of ((-1490)/l)/((-1)/(-15))?
5, 149
Let f be 524 + (1/(-1))/((-12)/(-72)). Let u = f - -148. What are the prime factors of u?
2, 3, 37
Let r